9 + -84. Suppose -4*q + 531 = l*q. What is the remainder when q is divided by 6?
5
Let d(s) = -s**3 + 6*s**2 + 7*s + 19. Calculate the remainder when 466 is divided by d(7).
10
Let r = 216 + -211. What is the remainder when 18 is divided by r?
3
Let a(t) = 683*t - 688*t + 6*t**2 - 5*t**2. Calculate the remainder when a(7) is divided by 6.
2
Let b = 19 + -14. Suppose 0 = -2*l - q + 5, 0*q + q - 17 = -b*l. Let s = -3 + 10. Calculate the remainder when s is divided by l.
3
Let m(c) = -5*c + 255. Calculate the remainder when m(-45) is divided by 22.
18
Suppose -5*b + 31 = 4*n - 126, 5*b + n - 148 = 0. What is the remainder when b is divided by (1 + -3)/(-1 - 9/(-12))?
5
Let j = -16 - 22. Let c be (j/6)/((-2)/(-18)). What is the remainder when 75 is divided by c/(-3)*(5 + -4)?
18
Let m = -6 + 10. Calculate the remainder when m + (-5 + 1 - -13) is divided by 4.
1
Suppose 0 = -2*r - 4*x - 16, 4*x = -2 - 2. Let d be (-10)/(-12) - 1/r. Calculate the remainder when 141*(d - 6/9) is divided by 12.
11
Let r be (-20600)/(-280) - (-3)/7. Let i = -69 + r. Let o(y) = -9*y - 1. Calculate the remainder when o(-1) is divided by i.
3
Let q be ((184/(-6))/2)/(4/(-6)). Suppose q = -3*w + 74. Calculate the remainder when w is divided by 2.
1
Suppose 2*o - 4 - 2 = 0. Let z(g) = g**3 + 3*g**2 + g + 1. Calculate the remainder when o is divided by z(-2).
0
Suppose x + 0*f - 40 = -2*f, 3*x - 90 = 4*f. Suppose 0 = -3*z - 3*r + 303, -r = -2*z - 5*r + 212. Calculate the remainder when z is divided by x.
28
Suppose -s - v + 30 = -4*v, 5 = -v. Let k = -32 + s. Let z = 2 - k. Calculate the remainder when z is divided by 5.
4
Calculate the remainder when (-1 - (-3368)/20)*5 is divided by 120.
117
Let w be (-74)/(-9) - (-10)/(-45). Suppose 10*r = w*r + 78. What is the remainder when r is divided by 22?
17
Calculate the remainder when 297 is divided by (-12)/6*258/(-12).
39
Let l(z) = 3*z**2 + 1. Let h be 3/2*(-80)/(-6). Suppose 8*b = 3*b + h. What is the remainder when l(-2) is divided by b?
1
Suppose 28 = a + 3*a. Let l(d) = d**2 + 29*d + 66. What is the remainder when l(-27) is divided by a?
5
Suppose 1181*t + 399 = 1188*t. Calculate the remainder when t is divided by 9.
3
Let a(r) = 5*r**3 + 51*r**2 + 7*r - 15. What is the remainder when 808 is divided by a(-10)?
13
Suppose 9*p - 50 - 121 = 0. What is the remainder when 35 is divided by p?
16
Suppose z - 12 = 14. Calculate the remainder when 45 is divided by z.
19
Let z = 377 + -71. What is the remainder when z is divided by 24?
18
Let c be -1 - (-1 + -15)/2. Let i = c + 0. Suppose 8*a = 4*a - 5*d + 38, 4*a + 3*d = 42. Calculate the remainder when a is divided by i.
5
Let o be (-18)/(-2) - 0/12. Suppose o*u = 14*u - 110. Let f = -33 - -97. Calculate the remainder when f is divided by u.
20
Let u(w) = -2*w**3 - 36*w**2 - 44*w - 26. Calculate the remainder when u(-17) is divided by 66.
12
Suppose 20*p = 8*p + 1404. Calculate the remainder when p is divided by 17.
15
Let n be 9/(-18)*(-1 - -1). Let x be n*(20/(-8))/(-5). Suppose 55 = 5*r - 5*a, -4*r - 3*a + 0*a + 58 = x. Calculate the remainder when 25 is divided by r.
12
Let h(c) = 5*c + 8. Let s be h(0). Let j(i) = -i**2 + 11*i - 1. Let f = 24 - 12. Calculate the remainder when j(s) is divided by f.
11
Suppose -16 + 6 = -2*p. Let n be 11/p + 2/(-10). Suppose 0*w = -n*w + 72. What is the remainder when w is divided by 13?
10
Let w(q) = 2*q - 5. Let j be ((-1)/(-7) + (-91)/(-49))*2. Calculate the remainder when 8 is divided by w(j).
2
Let f(r) = -64*r - 26. What is the remainder when f(-1) is divided by 22?
16
Let j(p) = -34*p + 31*p - 11 - 2*p**2 + 5 + p**3. Calculate the remainder when (-4 - -2)*1 + 41 is divided by j(4).
11
Let q be ((-56)/6)/((-26)/39). What is the remainder when 95 is divided by -21*1*q/(-21)?
11
What is the remainder when (6 - 4) + -5 - -139 is divided by 35?
31
Let r(a) be the third derivative of a**5/30 - a**4/24 + a**3/2 + 19*a**2. What is the remainder when r(5) is divided by 5*(1 - (-24)/10)?
14
Suppose 3*p = -4*s + 2*s + 1289, 0 = -2*s - p + 1287. Calculate the remainder when s is divided by 19.
16
Let n(q) = q**3 - 9*q**2 + 11*q - 6. Let d be 12/16 + 15/(-4). Let i(w) = -4*w - 4. Let o be i(d). Calculate the remainder when n(o) is divided by 10.
8
Let i(q) = q**3 + 2*q**2 + 9*q + 1061. Calculate the remainder when i(0) is divided by 15.
11
Let k = -2768 - -2802. Let c(v) = -2*v**2 + 3*v - 6. Let t(b) = -b**2 - b + 1. Let h(l) = -c(l) + t(l). What is the remainder when k is divided by h(5)?
10
Suppose -r + 5 = i - 1, -2 = 5*r - 3*i. Calculate the remainder when r is divided by 2.
0
Let q = 14 + 27. Let f be (-8)/(-6)*36/16. Let k = 11 + f. Calculate the remainder when q is divided by k.
13
Suppose 0 = u - 1, -10*u + 9*u - 234 = -5*k. What is the remainder when k is divided by 27?
20
Let g = -4 + 6. Suppose -2*q = g*k + 12, 0*k + 4 = -q + k. What is the remainder when 14 is divided by -8 - q - -1*6?
2
Let m(j) = -16*j - 4. Suppose -13*n - 3184 = -3483. Calculate the remainder when m(-4) is divided by n.
14
Calculate the remainder when 43 is divided by -14 - -43 - (1 - 27/3).
6
Suppose 3*r - 223 = 25*t - 23*t, 3*t - 286 = -4*r. What is the remainder when 265 is divided by r?
46
Let x(h) = 9*h - 6*h + h - 6*h + h**2 - 3. Let g = -30 - -69. Calculate the remainder when g is divided by x(-4).
18
Suppose 3*r - 2*z + 16 - 105 = 0, 4*r + 5*z - 134 = 0. Calculate the remainder when r is divided by 11.
9
Let z = -51 + 86. What is the remainder when z is divided by (2 + 4/6)*(17 + -11)?
3
Suppose 186*w = 176*w + 3820. Calculate the remainder when w is divided by 97.
91
Let r = 138 - 127. What is the remainder when 41 is divided by r?
8
What is the remainder when (-1 + -184)*-1*(7 - 6) is divided by (4/2)/(-1) + 49?
44
Suppose -20*f - 135 = -25*f. What is the remainder when 131 is divided by f?
23
Let u(d) = d**3 + 10*d**2 + 11*d - 20. Calculate the remainder when u(-6) is divided by 21.
16
Let r be 4/(-5 - -4) - 4. Let h(o) = o**3 + 10*o**2 + 6*o - 11. What is the remainder when h(r) is divided by 24?
21
Suppose -4*u - 3*j - 1 + 3 = 0, -8 = -4*j. Let d be -16 + (2 + -2 - u). Calculate the remainder when 55 is divided by (-4)/10 + (-291)/d.
17
Suppose 0 = -321*w + 328*w - 84. Calculate the remainder when 59 is divided by w.
11
Let x(g) = -g**2 + 10*g - 1. Let q be x(9). Let y(w) = -w**2 + 10*w - 3. Calculate the remainder when y(q) is divided by 3.
1
Let z(y) be the first derivative of y**4 - y**3/3 - y**2/2 + y + 3. Let a = 11 + -7. What is the remainder when a is divided by z(1)?
1
Let z(w) = -3*w**3 + 45*w**2 + 2*w + 80. Calculate the remainder when z(15) is divided by 59.
51
Suppose 0 = -19*z + 1123 - 306. Let w be ((-3)/(-2))/(1/(-2)). What is the remainder when z is divided by 2/w*-3 + 20?
21
Let p be 3/(-2) + (-335)/2. Let k = p + 572. Suppose -32 = -5*h + k. Calculate the remainder when h is divided by 23.
18
Let o = -5 - -11. Suppose 211 - 547 = -84*b. What is the remainder when o is divided by b?
2
Suppose -166 = 64*m - 1254. Suppose 3*w = 2*w + 33. What is the remainder when w is divided by m?
16
Suppose 39*s = -20*s + 1947. Let n(h) = 11*h**3 + h**2 + 2*h - 2. What is the remainder when n(2) is divided by s?
28
Suppose 3*f - 20 = j - 2, -f - 3*j = 4. Suppose -f*t = -6*t + 15. Let x(r) = -56*r + 1. What is the remainder when x(-1) is divided by t?
12
Let h(g) = 11*g**2 - 15*g + 7. What is the remainder when h(4) is divided by 42?
39
Suppose 15 = 4*u + 7. Suppose -5*q + u*t = -t - 752, 0 = -2*q - 4*t + 280. Suppose q = i + i. Calculate the remainder when i is divided by 19.
17
Let x = 65 + -18. Let d = 6 + 19. What is the remainder when x is divided by d?
22
Suppose -5*d = 12 + 3. Let i(b) = -b + 4. What is the remainder when (9702/81)/11 - -2*(-5)/(-90) is divided by i(d)?
4
Let i be 654/(-15) - 2/5. Let j = 40 + i. What is the remainder when j/((-12)/3)*3 is divided by 1?
0
Suppose -84 = -2*u - 3*c + c, 4*c = -u + 30. Calculate the remainder when 364 is divided by u.
42
Let i(y) = 67*y + 2. Let j be i(-2). Let p = j + 197. What is the remainder when p is divided by -6 - -21*(-4)/(-3)?
21
Suppose -303 - 17 = -4*m. Let j = -2526 + 2567. What is the remainder when m is divided by j?
39
Suppose 0 = -4*w + 18 + 30. Suppose 26 = -2*y + y. What is the 